
56135
10002 (base 9) to base 7
25064
Convert 1220322 (base 4) to base 11.
5054
Convert -4878 (base 9) to base 16.
-e33
Convert 12709 (base 10) to base 11.
9604
What is -1f79 (base 16) in base 11?
-6065
Convert 211002 (base 3) to base 14.
308
13041 (base 6) to base 13
b86
-265 (base 11) to base 9
-377
What is -4215 (base 7) in base 8?
-2712
What is -3df (base 16) in base 3?
-1100201
-62 (base 10) to base 8
-76
5217 (base 12) to base 16
22f3
What is -13112 (base 7) in base 2?
-110110100000
Convert -d01 (base 16) to base 3.
-11120022
What is -3001302 (base 4) in base 2?
-11000001110010
Convert 214 (base 15) to base 10.
469
-11635 (base 7) to base 12
-1934
Convert -54501 (base 6) to base 9.
-11281
What is 12 (base 12) in base 6?
22
Convert -2481 (base 12) to base 11.
-3114
What is -763 (base 16) in base 6?
-12431
Convert -234 (base 10) to base 8.
-352
-2a5 (base 15) to base 12
-425
What is 103020 (base 5) in base 16?
db6
-100356 (base 8) to base 5
-2024011
Convert 1117 (base 13) to base 8.
4522
Convert -43d (base 14) to base 6.
-3515
-111010111001 (base 2) to base 12
-2221
Convert 110101001100 (base 2) to base 11.
2615
Convert 1520 (base 7) to base 12.
422
Convert -1052531 (base 6) to base 15.
-10de7
Convert -818 (base 11) to base 7.
-2610
535321 (base 6) to base 10
43969
33d (base 14) to base 12
457
Convert 7275 (base 8) to base 15.
11b8
-3214 (base 5) to base 11
-365
What is -53644 (base 7) in base 14?
-4c24
What is 1322 (base 16) in base 2?
1001100100010
Convert 4052 (base 9) to base 12.
186b
-1a9c4 (base 14) to base 6
-1241504
335 (base 6) to base 15
8b
-164 (base 11) to base 4
-2333
Convert -6115 (base 9) to base 6.
-32405
-1011000100 (base 3) to base 2
-101100001010000
What is 13021 (base 6) in base 13?
b77
What is -2cb1 (base 15) in base 7?
-40015
-3792 (base 16) to base 9
-21456
What is -16615 (base 10) in base 14?
-60ab
-11100011 (base 3) to base 6
-22351
Convert 13222233 (base 4) to base 11.
21662
What is 828 (base 12) in base 13?
701
1101000000 (base 2) to base 12
594
What is -201011 (base 3) in base 5?
-4032
What is 6245 (base 7) in base 11?
1710
4206 (base 9) to base 13
1533
12220121 (base 3) to base 11
3268
-1404 (base 6) to base 11
-301
Convert -36b (base 13) to base 5.
-4341
595 (base 15) to base 8
2361
What is 37206 (base 8) in base 16?
3e86
571 (base 9) to base 10
469
-43201 (base 5) to base 4
-231232
Convert 324214 (base 5) to base 4.
2232300
10120211 (base 3) to base 16
a36
What is 4014 (base 6) in base 5?
11444
-ba3 (base 14) to base 8
-4373
13535 (base 8) to base 11
4548
What is 6316 (base 9) in base 7?
16335
Convert -1510a (base 13) to base 16.
-9b2d
-1240430 (base 5) to base 11
-17444
1c8 (base 14) to base 5
2442
What is 323 (base 5) in base 14?
64
Convert -2468 (base 9) to base 10.
-1844
133243 (base 8) to base 3
2101010200
Convert -106 (base 7) to base 9.
-61
Convert -32d9 (base 14) to base 5.
-240230
3968 (base 10) to base 16
f80
What is 15141 (base 7) in base 3?
12202100
-110011100010101 (base 2) to base 15
-7c44
Convert -475 (base 13) to base 7.
-2152
Convert -169d (base 14) to base 5.
-112214
What is -1133123 (base 4) in base 6?
-44135
Convert -221112000 (base 3) to base 15.
-57a3
216446 (base 8) to base 5
4313443
-70757 (base 8) to base 16
-71ef
-27 (base 13) to base 4
-201
-1010110001000 (base 2) to base 6
-41304
-4305 (base 16) to base 7
-101010
123040 (base 5) to base 13
222c
What is 1059b (base 12) in base 7?
116621
2111302 (base 4) to base 9
14131
What is 6200 (base 11) in base 12?
4918
What is 2b4 (base 15) in base 16?
26b
What is 19d (base 15) in base 3?
111211
Convert -442 (base 12) to base 10.
-626
Convert 18618 (base 11) to base 14.
96b8
What is -5bc (base 14) in base 9?
-1513
-20231 (base 4) to base 16
-22d
110210220 (base 3) to base 4
2101323
What is -378 (base 10) in base 15?
-1a3
-409 (base 10) to base 2
-110011001
-38a (base 14) to base 6
-3142
Convert 318b (base 12) to base 10.
5435
What is 100100110100 (base 2) in base 10?
2356
Convert -1192 (base 11) to base 10.
-1553
5440 (base 6) to base 8
2340
7239 (base 14) to base 9
28854
What is 13058 (base 14) in base 6?
1000154
What is -13813 (base 12) in base 13?
-c438
Convert -187 (base 15) to base 5.
-2402
1185 (base 13) to base 3
10101200
1100011101 (base 2) to base 6
3405
Convert -aa33 (base 11) to base 16.
-38dc
-14150 (base 13) to base 10
-37583
1c48 (base 16) to base 6
53304
What is -3350 (base 11) in base 10?
-4411
What is -11324 (base 5) in base 7?
-2306
What is -27a64 (base 12) in base 9?
-83504
What is -1434 (base 11) in base 3?
-2112121
What is -5e0 (base 16) in base 10?
-1504
What is 20121 (base 3) in base 10?
178
-101110101100 (base 2) to base 6
-21500
What is 6307 (base 8) in base 12?
1a87
What is 17270 (base 8) in base 4?
1322320
What is 503 (base 7) in base 2?
11111000
What is -52155 (base 8) in base 7?
-120004
What is -147 (base 13) in base 15?
-103
-2a16 (base 11) to base 4
-330301
What is -1101 (base 3) in base 8?
-45
Convert -34505 (base 6) to base 4.
-1031021
Convert -22563 (base 12) to base 5.
-2430343
What is 1403102 (base 5) in base 4?
12331233
6e3 (base 16) to base 12
102b
What is -4369 (base 10) in base 3?
-12222211
-13b (base 16) to base 3
-102200
-11221 (base 4) to base 12
-261
What is -33884 (base 10) in base 14?
-c4c4
What is 551 (base 11) in base 4?
22111
Convert 259 (base 10) to base 3.
100121
What is 7b (base 15) in base 7?
224
What is 10202101 (base 3) in base 14?
dd7
What is -10323123 (base 4) in base 3?
-1000200200
What is -3101 (base 5) in base 6?
-1505
Convert 2101 (base 7) to base 4.
23200
What is 7ba3 (base 15) in base 10?
26253
-2b37 (base 15) to base 16
-243d
2313 (base 7) to base 16
34b
What is -61253 (base 8) in base 7?
-133433
-91c (base 14) to base 3
-2110022
What is -313412 (base 6) in base 5?
-1303144
-3001321 (base 4) to base 12
-7221
Convert 1201211 (base 3) to base 4.
103300
Convert 275 (base 14) to base 7.
1305
Convert -4050 (base 6) to base 2.
-1101111110
1002110020 (base 3) to base 13
9a08
101101110100 (base 2) to base 11
2226
What is 1022 (base 5) in base 3?
12002
What is -917 (base 15) in base 11?
-15a1
a6 (base 11) to base 14
84
What is a349 (base 13) in base 2?
101100000001010
Convert 341243 (base 7) to base 11.
414a8
Convert 12330 (base 4) to base 11.
374
What is -9a88 (base 11) in base 16?
-33e5
281 (base 10) to base 5
2111
-10101000101001 (base 2) to base 3
-112210202
-154321 (base 6) to base 13
-6c25
Convert -66bb (base 12) to base 13.
-5240
Convert 1010002110 (base 3) to base 10.
21936
Convert -5a3 (base 15) to base 2.
-10011111110
Convert -39a4 (base 14) to base 13.
-4800
11a1 (base 16) to base 3
20012011
-14826 (base 15) to base 2
-10000000110101001
Convert -735a (base 16) to base 5.
-1421110
922a (base 11) to base 8
27735
Convert 120012 (base 3) to base 7.
1124
What is -206 (base 7) in base 9?
-125
What is -301 (base 6) in base 16?
-6d
Convert 1201100 (base 4) to base 15.
1c9e
-4b6 (base 14) to base 10
-944
-2129a (base 11) to base 7
-156163
Convert 22383 (base 11) to base 10.
32398
What is -1322302 (base 4) in base 14?
-2c14
-317 (base 8) to base 16
-cf
24 (base 11) to base 2
11010
What is -11133 (base 4) in base 10?
-351
Convert 39e (base 15) to base 13.
4b5
What is 11d (base 16) in base 12?
1b9
Convert 101431 (base 5) to base 15.
ee6
What is 4054 (base 6) in base 15?
3ed
What is -203 (base 11) in base 12?
-185
What is 35235 (base 7) in base 3?
110101220
What is -5355 (base 9) in base 8?
-7542
213 (base 16) to base 9
650
468 (base 10) to base 6
2100
What is 443 (base 5) in base 12?
a3
Convert 10100110110110111 (base 2) to base 15.
1a4a6
What is 10110 (base 3) in base 13?
72
Convert -3554 (base 10) to base 2.
-110111100010
What is -3156 (base 10) in base 13?
-158a
What is 3404 (base 5) in base 2?
111011111
What is 241 (base 14) in base 2?
111000001
Convert -2832 (base 11) to base 6.
-24545
Convert e07 (base 16) to base 3.
11221000
-6730 (base 11) to base 2
-10001010100010
-337a (base 12) to base 10
-5710
Convert 35b (base 13) to base 6.
2411
-1cb (base 14) to base 16
-177
Convert -101110100100010 (base 2) to base 5.
-1230332
Convert -112101 (base 7) to base 10.
-19944
Convert 1110101001001100 (base 2) to base 16.
ea4c
-3181 (base 15) to base 5
-313341
Convert 20173 (base 10) to base 7